{"id":9,"date":"2015-12-02T10:51:51","date_gmt":"2015-12-02T10:51:51","guid":{"rendered":"http:\/\/theme-fusion.com\/avada\/university\/?page_id=9"},"modified":"2025-11-14T19:18:22","modified_gmt":"2025-11-14T19:18:22","slug":"sobre-quaker-houghton","status":"publish","type":"page","link":"https:\/\/garciquimica.com.br\/quakerhoughton\/","title":{"rendered":"Quaker Houghton: Solu\u00e7\u00f5es Industriais para Processos em Metais"},"content":{"rendered":"<p><div class=\"fusion-fullwidth fullwidth-box fusion-builder-row-1 fusion-flex-container nonhundred-percent-fullwidth non-hundred-percent-height-scrolling\" style=\"background-color: rgba(255,255,255,0);background-position: left top;background-repeat: no-repeat;border-width: 0px 0px 0px 0px;border-color:#e7e4e2;border-style:solid;\" ><div class=\"fusion-builder-row fusion-row fusion-flex-align-items-flex-start\" style=\"max-width:1331.2px;margin-left: calc(-4% \/ 2 );margin-right: calc(-4% \/ 2 );\"><div class=\"fusion-layout-column fusion_builder_column fusion-builder-column-0 fusion_builder_column_1_6 1_6 fusion-flex-column fusion-no-small-visibility\"><div class=\"fusion-column-wrapper fusion-flex-justify-content-flex-start fusion-content-layout-column\" style=\"background-position:left top;background-repeat:no-repeat;-webkit-background-size:cover;-moz-background-size:cover;-o-background-size:cover;background-size:cover;padding: 0px 0px 0px 0px;\"><\/div><\/div><style type=\"text\/css\">.fusion-body .fusion-builder-column-0{width:16.666666666667% !important;margin-top : 10px;margin-bottom : 10px;}.fusion-builder-column-0 > .fusion-column-wrapper {padding-top : 0px !important;padding-right : 0px !important;margin-right : 11.52%;padding-bottom : 0px !important;padding-left : 0px !important;margin-left : 11.52%;}@media only screen and (max-width:1024px) {.fusion-body .fusion-builder-column-0{width:100% !important;}.fusion-builder-column-0 > .fusion-column-wrapper {margin-right : 1.92%;margin-left : 1.92%;}}@media only screen and (max-width:640px) {.fusion-body .fusion-builder-column-0{width:100% !important;}.fusion-builder-column-0 > .fusion-column-wrapper {margin-right : 1.92%;margin-left : 1.92%;}}<\/style><div class=\"fusion-layout-column fusion_builder_column fusion-builder-column-1 fusion_builder_column_2_3 2_3 fusion-flex-column\"><div class=\"fusion-column-wrapper fusion-flex-justify-content-flex-start fusion-content-layout-column\" style=\"background-position:left top;background-repeat:no-repeat;-webkit-background-size:cover;-moz-background-size:cover;-o-background-size:cover;background-size:cover;padding: 0px 0px 0px 0px;\"><div style=\"text-align:center;\"><span class=\" fusion-imageframe imageframe-none imageframe-1 hover-type-none\" style=\"margin-bottom:12px;\"><img decoding=\"async\" width=\"226\" image_height=\"118\" image_id=\"1967\" alt=\"Garciquimica Quaker Houghton\" title=\"Garciquimica Quaker Houghton\" src=\"https:\/\/garciquimica.com.br\/quakerhoughton\/wp-content\/uploads\/2020\/10\/r2_c2.jpg\" class=\"img-responsive wp-image-1967\" srcset=\"https:\/\/garciquimica.com.br\/quakerhoughton\/wp-content\/uploads\/2020\/10\/r2_c2-200x104.jpg 200w, https:\/\/garciquimica.com.br\/quakerhoughton\/wp-content\/uploads\/2020\/10\/r2_c2.jpg 226w\" sizes=\"(max-width: 1024px) 100vw, (max-width: 640px) 100vw, 226px\" \/><\/span><\/div><style type=\"text\/css\">@media only screen and (max-width:1024px) {.fusion-title.fusion-title-1{margin-top:0px!important;margin-bottom:20px!important;}}@media only screen and (max-width:640px) {.fusion-title.fusion-title-1{margin-top:10px!important;margin-bottom:20px!important;}}<\/style><div class=\"fusion-title title fusion-title-1 fusion-sep-none fusion-title-center fusion-title-text fusion-title-size-two\" style=\"margin-top:0px;margin-bottom:20px;\"><h2 class=\"title-heading-center\" style=\"margin:0;\"><h2>Sobre a Quaker Houghton<\/h2><\/h2><\/div><div class=\"fusion-separator\" style=\"align-self: center;margin-left: auto;margin-right: auto;margin-top:15px;margin-bottom:35px;width:100%;max-width:170px;\"><div class=\"fusion-separator-border sep-single sep-solid\" style=\"border-color:#ef9a3d;border-top-width:1px;\"><\/div><\/div><div class=\"fusion-text fusion-text-1\" style=\"text-align:center;\"><p style=\"text-align: left;\">A <strong>Quaker Houghton<\/strong> \u00e9 l\u00edder global em solu\u00e7\u00f5es para processos industriais que envolvem metais. Presente em mais de 25 pa\u00edses, a empresa \u00e9 refer\u00eancia em <strong>flu\u00eddos industriais de alta performance<\/strong>, desenvolvidos para <strong>otimizar opera\u00e7\u00f5es, reduzir custos, aumentar a seguran\u00e7a e promover a sustentabilidade<\/strong> nas mais diversas aplica\u00e7\u00f5es.<\/p>\n<p style=\"text-align: left;\">Voc\u00ea talvez n\u00e3o veja o nome Quaker Houghton estampado em um produto final, mas, se ele envolve <strong>a\u00e7o ou metal transformado<\/strong>, h\u00e1 grandes chances de que nossa tecnologia tenha feito parte do processo.<\/p>\n<p style=\"text-align: left;\">Seja para laminar, usinar, trefilar, fundir ou moldar, os flu\u00eddos Quaker Houghton est\u00e3o nos bastidores <strong>criando valor, promovendo efici\u00eancia e impulsionando o progresso<\/strong> de ind\u00fastrias em todo o mundo.<\/p>\n<h3 style=\"text-align: left;\">\u00c1reas de aplica\u00e7\u00e3o dos flu\u00eddos industriais Quaker Houghton<\/h3>\n<p style=\"text-align: left;\">As solu\u00e7\u00f5es da Quaker Houghton s\u00e3o usadas em processos de fabrica\u00e7\u00e3o e transforma\u00e7\u00e3o de metais em ind\u00fastrias como:<\/p>\n<ul style=\"text-align: left;\">\n<li style=\"text-align: left;\"><strong>Automotiva<\/strong>, desde a fabrica\u00e7\u00e3o at\u00e9 a montagem de pe\u00e7as<\/li>\n<li style=\"text-align: left;\"><strong>Siderurgia e metalurgia<\/strong>, em lamina\u00e7\u00e3o, decapagem e trefila\u00e7\u00e3o<\/li>\n<li style=\"text-align: left;\"><strong>Aeron\u00e1utica<\/strong>, com foco em seguran\u00e7a e precis\u00e3o<\/li>\n<li style=\"text-align: left;\"><strong>Ind\u00fastria de eletrodom\u00e9sticos<\/strong>, onde a performance e acabamento s\u00e3o fundamentais<\/li>\n<li style=\"text-align: left;\"><strong>Ind\u00fastria de \u00f3leo e g\u00e1s<\/strong>, com aplica\u00e7\u00f5es offshore e de alta complexidade<\/li>\n<li style=\"text-align: left;\"><strong>Fundi\u00e7\u00e3o e forjaria<\/strong>, em ambientes extremos de calor e press\u00e3o<\/li>\n<\/ul>\n<h3 style=\"text-align: left;\">O que os flu\u00eddos Quaker Houghton oferecem?<\/h3>\n<p style=\"text-align: left;\">Os flu\u00eddos industriais da Quaker Houghton s\u00e3o cuidadosamente desenvolvidos para atender a uma ampla variedade de etapas e necessidades espec\u00edficas dentro do processo produtivo, oferecendo solu\u00e7\u00f5es t\u00e9cnicas que elevam a efici\u00eancia e a seguran\u00e7a em diversas aplica\u00e7\u00f5es industriais.<\/p>\n<ul style=\"text-align: left;\">\n<li><strong>Flu\u00eddos para usinagem e corte:<\/strong> esses produtos s\u00e3o formulados para proporcionar maior precis\u00e3o nas opera\u00e7\u00f5es de usinagem, reduzindo significativamente o desgaste das ferramentas e das pe\u00e7as trabalhadas. Al\u00e9m disso, eles auxiliam na diminui\u00e7\u00e3o das falhas durante o processo, garantindo cortes mais limpos, acabamento superior e menor necessidade de retrabalho, o que resulta em maior produtividade e economia de recursos.<\/li>\n<li><strong>\u00d3leos hidr\u00e1ulicos:<\/strong> desenvolvidos para oferecer alta estabilidade t\u00e9rmica e resist\u00eancia \u00e0 oxida\u00e7\u00e3o, esses \u00f3leos asseguram o funcionamento seguro e cont\u00ednuo dos sistemas hidr\u00e1ulicos, mesmo sob condi\u00e7\u00f5es extremas de temperatura e press\u00e3o. Sua formula\u00e7\u00e3o avan\u00e7ada contribui para a longa dura\u00e7\u00e3o dos componentes, evitando vazamentos e falhas, o que reduz custos de manuten\u00e7\u00e3o e tempo de m\u00e1quina parada.<\/li>\n<li><strong>Flu\u00eddos resistentes ao fogo:<\/strong> indicados para ambientes industriais onde o risco t\u00e9rmico \u00e9 elevado, esses flu\u00eddos s\u00e3o formulados para minimizar a inflamabilidade, proporcionando maior seguran\u00e7a operacional. Eles s\u00e3o essenciais em setores como siderurgia, metalurgia e ind\u00fastrias qu\u00edmicas, onde a prote\u00e7\u00e3o contra inc\u00eandios \u00e9 um fator cr\u00edtico, sem comprometer a efici\u00eancia do processo.<\/li>\n<li><strong>Flu\u00eddos para lamina\u00e7\u00e3o e trefila\u00e7\u00e3o:<\/strong> essenciais em processos cont\u00ednuos de conforma\u00e7\u00e3o met\u00e1lica, esses flu\u00eddos otimizam a efici\u00eancia das opera\u00e7\u00f5es, facilitando o controle dimensional e a qualidade do produto final. Eles proporcionam lubrifica\u00e7\u00e3o adequada, dissipa\u00e7\u00e3o de calor e prote\u00e7\u00e3o das ferramentas, contribuindo para a redu\u00e7\u00e3o de paradas e aumento da capacidade produtiva.<\/li>\n<\/ul>\n<p style=\"text-align: left;\">Cada um desses produtos \u00e9 cuidadosamente projetado para criar valor real para o cliente, por meio da melhoria do rendimento do equipamento, prolongamento da vida \u00fatil dos componentes e garantia do melhor equil\u00edbrio poss\u00edvel entre alta performance e sustentabilidade ambiental. A Quaker Houghton investe constantemente em inova\u00e7\u00e3o e tecnologia para entregar flu\u00eddos industriais que atendem \u00e0s exig\u00eancias atuais do mercado, proporcionando processos produtivos mais seguros, eficientes e econ\u00f4micos.<\/p>\n<h3 style=\"text-align: left;\">Garciqu\u00edmica: distribuidora autorizada Quaker Houghton<\/h3>\n<p style=\"text-align: left;\">Desde <strong>2020<\/strong>, a <strong>Garciqu\u00edmica<\/strong> \u00e9 <strong>distribuidora autorizada Quaker Houghton<\/strong> no Brasil. Essa parceria estrat\u00e9gica nos permite oferecer <strong>solu\u00e7\u00f5es personalizadas e suporte t\u00e9cnico especializado<\/strong>, alinhados \u00e0s necessidades espec\u00edficas de cada regi\u00e3o.<\/p>\n<p>Nossa equipe t\u00e9cnica, composta por engenheiros especializados, atua diretamente nas instala\u00e7\u00f5es dos clientes, realizando an\u00e1lises de processos e recomendando as melhores solu\u00e7\u00f5es Quaker Houghton. Esse acompanhamento cont\u00ednuo assegura a otimiza\u00e7\u00e3o dos processos industriais e a m\u00e1xima efici\u00eancia operacional.<\/p>\n<p>Com um centro de distribui\u00e7\u00e3o estrategicamente localizado em S\u00e3o Paulo, garantimos agilidade nas entregas e disponibilidade imediata dos produtos Quaker Houghton. Isso permite atender com rapidez \u00e0s demandas de nossos clientes, minimizando paradas e custos operacionais.<\/p>\n<p style=\"text-align: left;\">A miss\u00e3o \u00e9 clara: desenvolver o mercado com responsabilidade, entregando sempre o melhor custo-benef\u00edcio, agilidade na entrega e o suporte necess\u00e1rio para que seu processo funcione com a m\u00e1xima efici\u00eancia.<\/p>\n<p style=\"text-align: left;\">Para uma an\u00e1lise detalhada de suas necessidades e recomenda\u00e7\u00e3o personalizada de solu\u00e7\u00f5es Quaker Houghton, entre em contato com nossos especialistas.<\/p>\n<p style=\"text-align: left;\">Estamos prontos para auxiliar na otimiza\u00e7\u00e3o de seus processos industriais!<\/p>\n<\/div><\/div><\/div><style type=\"text\/css\">.fusion-body .fusion-builder-column-1{width:66.666666666667% !important;margin-top : 10px;margin-bottom : 30px;}.fusion-builder-column-1 > .fusion-column-wrapper {padding-top : 0px !important;padding-right : 0px !important;margin-right : 2.88%;padding-bottom : 0px !important;padding-left : 0px !important;margin-left : 2.88%;}@media only screen and (max-width:1024px) {.fusion-body .fusion-builder-column-1{width:100% !important;}.fusion-builder-column-1 > .fusion-column-wrapper {margin-right : 1.92%;margin-left : 1.92%;}}@media only screen and (max-width:640px) {.fusion-body .fusion-builder-column-1{width:100% !important;}.fusion-builder-column-1 > .fusion-column-wrapper {margin-right : 1.92%;margin-left : 1.92%;}}<\/style><div class=\"fusion-layout-column fusion_builder_column fusion-builder-column-2 fusion_builder_column_1_6 1_6 fusion-flex-column fusion-no-small-visibility\"><div class=\"fusion-column-wrapper fusion-flex-justify-content-flex-start fusion-content-layout-column\" style=\"background-position:left top;background-repeat:no-repeat;-webkit-background-size:cover;-moz-background-size:cover;-o-background-size:cover;background-size:cover;padding: 0px 0px 0px 0px;\"><div class=\"fusion-separator fusion-full-width-sep\" style=\"align-self: center;margin-left: auto;margin-right: auto;margin-top:20px;width:100%;\"><\/div><\/div><\/div><style type=\"text\/css\">.fusion-body .fusion-builder-column-2{width:16.666666666667% !important;margin-top : 10px;margin-bottom : 10px;}.fusion-builder-column-2 > .fusion-column-wrapper {padding-top : 0px !important;padding-right : 0px !important;margin-right : 11.52%;padding-bottom : 0px !important;padding-left : 0px !important;margin-left : 11.52%;}@media only screen and (max-width:1024px) {.fusion-body .fusion-builder-column-2{width:100% !important;}.fusion-builder-column-2 > .fusion-column-wrapper {margin-right : 1.92%;margin-left : 1.92%;}}@media only screen and (max-width:640px) {.fusion-body .fusion-builder-column-2{width:100% !important;}.fusion-builder-column-2 > .fusion-column-wrapper {margin-right : 1.92%;margin-left : 1.92%;}}<\/style><\/div><style type=\"text\/css\">.fusion-body .fusion-flex-container.fusion-builder-row-1{ padding-top : 90px;margin-top : 0px;padding-right : 0px;padding-bottom : 40px;margin-bottom : 0px;padding-left : 0px;}@media only screen and (max-width:1024px) {.fusion-body .fusion-flex-container.fusion-builder-row-1{ padding-top : 60px;}}<\/style><\/div><div class=\"fusion-fullwidth fullwidth-box fusion-builder-row-2 fusion-flex-container nonhundred-percent-fullwidth non-hundred-percent-height-scrolling\" style=\"background-color: #073674;background-position: left top;background-repeat: no-repeat;border-width: 0px 0px 0px 0px;border-color:#e7e4e2;border-style:solid;\" ><div class=\"fusion-builder-row fusion-row fusion-flex-align-items-flex-start\" style=\"max-width:calc( 1280px + 0px );margin-left: calc(-0px \/ 2 );margin-right: calc(-0px \/ 2 );\"><div class=\"fusion-layout-column fusion_builder_column fusion-builder-column-3 fusion_builder_column_1_1 1_1 fusion-flex-column fusion-flex-align-self-flex-start fusion-column-no-min-height\"><div class=\"fusion-column-wrapper fusion-flex-justify-content-flex-start fusion-content-layout-column\" style=\"background-position:left top;background-repeat:no-repeat;-webkit-background-size:cover;-moz-background-size:cover;-o-background-size:cover;background-size:cover;padding: 0px 0px 0px 0px;\"><style type=\"text\/css\">.fusion-title.fusion-title-2 svg path{stroke-width:4!important}@media only screen and (max-width:1024px) {.fusion-title.fusion-title-2{margin-top:10px!important;margin-bottom:40px!important;}}@media only screen and (max-width:640px) {.fusion-title.fusion-title-2{margin-top:10px!important;margin-bottom:20px!important;}}<\/style><div class=\"fusion-title title fusion-title-2 fusion-sep-none fusion-title-center fusion-title-highlight fusion-loop-off fusion-highlight-underline fusion-title-size-two\" style=\"margin-top:10px;margin-bottom:40px;\" data-highlight=\"underline\"><h2 class=\"title-heading-center\" style=\"margin:0;color:#ffffff;\"><span class=\"fusion-highlighted-text-prefix\">Quer saber qual solu\u00e7\u00e3o <\/span> <span class=\"fusion-highlighted-text-wrapper\"><span class=\"fusion-highlighted-text\" style=\"color:#f09a3e;\">Quaker Houghton <\/span><\/span> <span class=\"fusion-highlighted-text-postfix\">\u00e9 ideal para o seu processo?<\/span><\/h2><\/div><div class=\"fusion-separator fusion-full-width-sep\" style=\"align-self: center;margin-left: auto;margin-right: auto;margin-top:-25px;width:100%;\"><\/div><div style=\"text-align:center;\"><style type=\"text\/css\">.fusion-button.button-1 {border-radius:0px;}<\/style><a class=\"fusion-button button-flat button-large button-default button-1 fusion-button-default-span fusion-button-default-type\" target=\"_self\" href=\"https:\/\/garciquimica.com.br\/quakerhoughton\/fale-conosco\/\"><span class=\"fusion-button-text\">Fale com nosssos especialistas<\/span><i class=\"fa-angle-double-right fas button-icon-right\" aria-hidden=\"true\"><\/i><\/a><\/div><\/div><\/div><style type=\"text\/css\">.fusion-body .fusion-builder-column-3{width:100% !important;margin-top : 3%;margin-bottom : 3%;}.fusion-builder-column-3 > .fusion-column-wrapper {padding-top : 0px !important;padding-right : 0px !important;margin-right : calc( 0.032 * calc( 100% - 0px ) );padding-bottom : 0px !important;padding-left : 0px !important;margin-left : 0px;}@media only screen and (max-width:1024px) {.fusion-body .fusion-builder-column-3{width:100% !important;}.fusion-builder-column-3 > .fusion-column-wrapper {margin-right : 0px;margin-left : 0px;}}@media only screen and (max-width:640px) {.fusion-body .fusion-builder-column-3{width:100% !important;}.fusion-builder-column-3 > .fusion-column-wrapper {margin-right : 0px;margin-left : 0px;}}<\/style><\/div><style type=\"text\/css\">.fusion-body .fusion-flex-container.fusion-builder-row-2{ padding-top : 50px;margin-top : 0px;padding-right : 0px;padding-bottom : 45px;margin-bottom : 0px;padding-left : 0px;}@media only screen and (max-width:640px) {.fusion-body .fusion-flex-container.fusion-builder-row-2{ padding-right : 50px;padding-left : 50px;}}<\/style><\/div><\/p>\n","protected":false},"excerpt":{"rendered":"","protected":false},"author":1,"featured_media":0,"parent":0,"menu_order":0,"comment_status":"closed","ping_status":"closed","template":"100-width.php","meta":{"footnotes":""},"yoast_head":"<!-- This site is optimized with the Yoast SEO plugin v22.4 - https:\/\/yoast.com\/wordpress\/plugins\/seo\/ -->\n<title>Fluido hidr\u00e1ulico industrial Quaker Houghton<\/title>\n<meta name=\"description\" content=\"A Garciqu\u00edmica distribui fluidos hidr\u00e1ulicos da Quaker Houghton. Produtos de qualidade, suporte t\u00e9cnico e entrega r\u00e1pida para sua opera\u00e7\u00e3o. Saiba mais!\" \/>\n<meta name=\"robots\" content=\"index, follow, max-snippet:-1, max-image-preview:large, max-video-preview:-1\" \/>\n<link rel=\"canonical\" href=\"https:\/\/garciquimica.com.br\/quakerhoughton\/\" \/>\n<meta property=\"og:locale\" content=\"pt_BR\" \/>\n<meta property=\"og:type\" content=\"article\" \/>\n<meta property=\"og:title\" content=\"Fluido hidr\u00e1ulico industrial Quaker Houghton\" \/>\n<meta property=\"og:description\" content=\"A Garciqu\u00edmica distribui fluidos hidr\u00e1ulicos da Quaker Houghton. Produtos de qualidade, suporte t\u00e9cnico e entrega r\u00e1pida para sua opera\u00e7\u00e3o. Saiba mais!\" \/>\n<meta property=\"og:url\" content=\"https:\/\/garciquimica.com.br\/quakerhoughton\/\" \/>\n<meta property=\"og:site_name\" content=\"Garc\u00edquimica - Distribuidor Quaker Houghton\" \/>\n<meta property=\"article:modified_time\" content=\"2025-11-14T19:18:22+00:00\" \/>\n<meta name=\"twitter:card\" content=\"summary_large_image\" \/>\n<meta name=\"twitter:label1\" content=\"Est. tempo de leitura\" \/>\n\t<meta name=\"twitter:data1\" content=\"7 minutos\" \/>\n<script type=\"application\/ld+json\" class=\"yoast-schema-graph\">{\"@context\":\"https:\/\/schema.org\",\"@graph\":[{\"@type\":\"WebPage\",\"@id\":\"https:\/\/garciquimica.com.br\/quakerhoughton\/\",\"url\":\"https:\/\/garciquimica.com.br\/quakerhoughton\/\",\"name\":\"Fluido hidr\u00e1ulico industrial Quaker Houghton\",\"isPartOf\":{\"@id\":\"https:\/\/garciquimica.com.br\/quakerhoughton\/#website\"},\"datePublished\":\"2015-12-02T10:51:51+00:00\",\"dateModified\":\"2025-11-14T19:18:22+00:00\",\"description\":\"A Garciqu\u00edmica distribui fluidos hidr\u00e1ulicos da Quaker Houghton. Produtos de qualidade, suporte t\u00e9cnico e entrega r\u00e1pida para sua opera\u00e7\u00e3o. Saiba mais!\",\"breadcrumb\":{\"@id\":\"https:\/\/garciquimica.com.br\/quakerhoughton\/#breadcrumb\"},\"inLanguage\":\"pt-BR\",\"potentialAction\":[{\"@type\":\"ReadAction\",\"target\":[\"https:\/\/garciquimica.com.br\/quakerhoughton\/\"]}]},{\"@type\":\"BreadcrumbList\",\"@id\":\"https:\/\/garciquimica.com.br\/quakerhoughton\/#breadcrumb\",\"itemListElement\":[{\"@type\":\"ListItem\",\"position\":1,\"name\":\"In\u00edcio\",\"item\":\"https:\/\/garciquimica.com.br\/quakerhoughton\/\"},{\"@type\":\"ListItem\",\"position\":2,\"name\":\"Quaker Houghton: Solu\u00e7\u00f5es Industriais para Processos em Metais\"}]},{\"@type\":\"WebSite\",\"@id\":\"https:\/\/garciquimica.com.br\/quakerhoughton\/#website\",\"url\":\"https:\/\/garciquimica.com.br\/quakerhoughton\/\",\"name\":\"Garc\u00edquimica - Distribuidor Quaker Houghton\",\"description\":\"Saiba mais Sobre a Garciquimica - Quaker Houghton\",\"potentialAction\":[{\"@type\":\"SearchAction\",\"target\":{\"@type\":\"EntryPoint\",\"urlTemplate\":\"https:\/\/garciquimica.com.br\/quakerhoughton\/?s={search_term_string}\"},\"query-input\":\"required name=search_term_string\"}],\"inLanguage\":\"pt-BR\"}]}<\/script>\n<!-- \/ Yoast SEO plugin. -->","yoast_head_json":{"title":"Fluido hidr\u00e1ulico industrial Quaker Houghton","description":"A Garciqu\u00edmica distribui fluidos hidr\u00e1ulicos da Quaker Houghton. Produtos de qualidade, suporte t\u00e9cnico e entrega r\u00e1pida para sua opera\u00e7\u00e3o. Saiba mais!","robots":{"index":"index","follow":"follow","max-snippet":"max-snippet:-1","max-image-preview":"max-image-preview:large","max-video-preview":"max-video-preview:-1"},"canonical":"https:\/\/garciquimica.com.br\/quakerhoughton\/","og_locale":"pt_BR","og_type":"article","og_title":"Fluido hidr\u00e1ulico industrial Quaker Houghton","og_description":"A Garciqu\u00edmica distribui fluidos hidr\u00e1ulicos da Quaker Houghton. Produtos de qualidade, suporte t\u00e9cnico e entrega r\u00e1pida para sua opera\u00e7\u00e3o. Saiba mais!","og_url":"https:\/\/garciquimica.com.br\/quakerhoughton\/","og_site_name":"Garc\u00edquimica - Distribuidor Quaker Houghton","article_modified_time":"2025-11-14T19:18:22+00:00","twitter_card":"summary_large_image","twitter_misc":{"Est. tempo de leitura":"7 minutos"},"schema":{"@context":"https:\/\/schema.org","@graph":[{"@type":"WebPage","@id":"https:\/\/garciquimica.com.br\/quakerhoughton\/","url":"https:\/\/garciquimica.com.br\/quakerhoughton\/","name":"Fluido hidr\u00e1ulico industrial Quaker Houghton","isPartOf":{"@id":"https:\/\/garciquimica.com.br\/quakerhoughton\/#website"},"datePublished":"2015-12-02T10:51:51+00:00","dateModified":"2025-11-14T19:18:22+00:00","description":"A Garciqu\u00edmica distribui fluidos hidr\u00e1ulicos da Quaker Houghton. Produtos de qualidade, suporte t\u00e9cnico e entrega r\u00e1pida para sua opera\u00e7\u00e3o. Saiba mais!","breadcrumb":{"@id":"https:\/\/garciquimica.com.br\/quakerhoughton\/#breadcrumb"},"inLanguage":"pt-BR","potentialAction":[{"@type":"ReadAction","target":["https:\/\/garciquimica.com.br\/quakerhoughton\/"]}]},{"@type":"BreadcrumbList","@id":"https:\/\/garciquimica.com.br\/quakerhoughton\/#breadcrumb","itemListElement":[{"@type":"ListItem","position":1,"name":"In\u00edcio","item":"https:\/\/garciquimica.com.br\/quakerhoughton\/"},{"@type":"ListItem","position":2,"name":"Quaker Houghton: Solu\u00e7\u00f5es Industriais para Processos em Metais"}]},{"@type":"WebSite","@id":"https:\/\/garciquimica.com.br\/quakerhoughton\/#website","url":"https:\/\/garciquimica.com.br\/quakerhoughton\/","name":"Garc\u00edquimica - Distribuidor Quaker Houghton","description":"Saiba mais Sobre a Garciquimica - Quaker Houghton","potentialAction":[{"@type":"SearchAction","target":{"@type":"EntryPoint","urlTemplate":"https:\/\/garciquimica.com.br\/quakerhoughton\/?s={search_term_string}"},"query-input":"required name=search_term_string"}],"inLanguage":"pt-BR"}]}},"_links":{"self":[{"href":"https:\/\/garciquimica.com.br\/quakerhoughton\/wp-json\/wp\/v2\/pages\/9"}],"collection":[{"href":"https:\/\/garciquimica.com.br\/quakerhoughton\/wp-json\/wp\/v2\/pages"}],"about":[{"href":"https:\/\/garciquimica.com.br\/quakerhoughton\/wp-json\/wp\/v2\/types\/page"}],"author":[{"embeddable":true,"href":"https:\/\/garciquimica.com.br\/quakerhoughton\/wp-json\/wp\/v2\/users\/1"}],"replies":[{"embeddable":true,"href":"https:\/\/garciquimica.com.br\/quakerhoughton\/wp-json\/wp\/v2\/comments?post=9"}],"version-history":[{"count":14,"href":"https:\/\/garciquimica.com.br\/quakerhoughton\/wp-json\/wp\/v2\/pages\/9\/revisions"}],"predecessor-version":[{"id":2118,"href":"https:\/\/garciquimica.com.br\/quakerhoughton\/wp-json\/wp\/v2\/pages\/9\/revisions\/2118"}],"wp:attachment":[{"href":"https:\/\/garciquimica.com.br\/quakerhoughton\/wp-json\/wp\/v2\/media?parent=9"}],"curies":[{"name":"wp","href":"https:\/\/api.w.org\/{rel}","templated":true}]}}